late the highest common factor of k and 27.
27
Let v(g) = 51*g + 4. Let d be v(3). Suppose -w - 105 = 4*h - 327, 4*w + d = 3*h. What is the highest common factor of 11 and h?
11
Suppose -624 = 8*z - 10*z. Suppose z = 4*c - 4*s, -376 = -4*c - s - 69. What is the highest common divisor of c and 11?
11
Let t(a) = -a**3 - 5*a**2 + 15*a + 9. Let i be t(-7). What is the greatest common factor of i and 4?
2
Suppose -2*z - 563 = -5*l, 0*z - 3*z = 5*l - 543. Let i = l - 45. Calculate the greatest common divisor of i and 6.
6
Suppose 3*o = -16*o + 228. Let x be (-106)/4*(-4)/2. Let a = x - 29. What is the greatest common factor of o and a?
12
Let v(m) = -m + 35. Let h be v(-7). Calculate the greatest common divisor of h and 12.
6
Let a be 406 + (1 - (-1 + 0)). Suppose -p = -g - 2*p + a, -2*p - 804 = -2*g. Suppose -4*v = -v - g. What is the highest common divisor of 15 and v?
15
Suppose -32*i = -20*i - 480. Let f(s) = 4*s - 8. Let k be f(6). Calculate the greatest common factor of k and i.
8
Suppose 4*z = -0*x + 3*x - 47, -z - 50 = -5*x. Let p(y) = -y**3 + 8*y**2 + 10*y + 7. Let v be p(x). Calculate the highest common factor of v and 16.
16
Let g be ((-28)/(-3))/((-4)/(-6)). Let n = 7 - 5. Let i(h) = 36*h - 2. Let b be i(n). What is the highest common factor of g and b?
14
Let b be 10/(-45) - (-493)/(-9). Let l = 33 - b. Suppose -20 - l = -4*v. Calculate the greatest common factor of 9 and v.
9
Let t be 3 - 3/6*-2. Let s be 23/2 - 2/t. Let n(p) = 4*p**3 - 3*p. Let u be n(3). Calculate the highest common divisor of u and s.
11
Let z be (-626)/(-6) - 2/(-3). Suppose 4*i - 5*i = -5. Suppose 4*y - 80 = o, 3*o = -y + i*y - 72. Calculate the highest common divisor of y and z.
21
Let h be (-1 - (1 - 1)) + 45. Suppose 0 = -4*x - 2*s + 71 + 47, -2*x - 4*s = -h. Let q be (8/5)/(1/5). Calculate the greatest common divisor of x and q.
8
Suppose -4 = 46*y - 48*y. What is the highest common factor of 5 and y?
1
Suppose 0 = 3*m - 3 + 6. Let o be m - ((-1 - 15) + 3). What is the highest common divisor of 4 and o?
4
Suppose -4*w = -104 - 688. Let b = 0 - -18. What is the highest common divisor of w and b?
18
Let f(p) = 2*p + 4. Let t be f(2). Calculate the highest common divisor of 88 and t.
8
Suppose -y - 4*g - 6 = 1, 4*g - 6 = -2*y. Suppose 4*v - 15 = y. What is the highest common factor of 35 and v?
7
Let t = -83 + 203. Let h(x) = 3*x**2 - 15*x - 3. Let f be h(6). What is the greatest common factor of f and t?
15
Let u(d) = -d - 3. Let n be u(4). Let h = n - -15. What is the highest common factor of 72 and h?
8
Let b be -20*((-4)/(-8))/(-1). What is the greatest common factor of b and 25?
5
Suppose q = -2*n + 125, -q + 1 = -4. Calculate the greatest common factor of 20 and n.
20
Suppose 7 + 1 = 2*b + 5*m, -b + 4 = 5*m. Suppose b*a - 720 = -0*a. Calculate the highest common divisor of 20 and a.
20
Let w(n) = 4*n - 2. Let v be w(6). Let b = -11 + v. Calculate the greatest common factor of 1 and b.
1
Let j(s) = s**2 + 45. Let w be j(0). Suppose 0*i = 3*i. Suppose -h = -4*u - 0*u + 33, 5*u - 5*h - 30 = i. What is the highest common divisor of u and w?
9
Let o(z) = -z**2 + 7*z + 2. Suppose -4*t = 4*u - 64, -25 = -2*u + 2*t + 3*t. Suppose b = -2*b + u. Let y be o(b). What is the highest common factor of 84 and y?
12
Suppose -3*r = -20 - 1. What is the highest common divisor of r and 1?
1
Suppose -38 + 26 = -l. Calculate the highest common divisor of l and 12.
12
Let h = 22 - 7. Calculate the highest common divisor of 60 and h.
15
Suppose 0 = s + 5*s - 18. Let q(w) = 2*w**2 + 3. Let l be q(-3). Calculate the greatest common factor of s and l.
3
Let o = 0 + 0. Suppose -5*h + o*w - 4*w = -42, -5*w + 15 = 0. Suppose -110 = -5*n + 190. What is the greatest common factor of h and n?
6
Let f be 1*14*4/2. Let q = 5 + -3. Suppose k + 7 = q*k. Calculate the highest common divisor of k and f.
7
Let w be (-80)/(-13) - (-22)/(-143). Let a be 4*(-1)/(-2) - -40. Calculate the greatest common factor of a and w.
6
Suppose -w - 1 = -4. Suppose -w*m = 2*m - 565. Suppose -3*d + 127 = -m. Calculate the greatest common divisor of 32 and d.
16
Let t be (-78)/(-3) + (-7 - -4). Calculate the highest common divisor of t and 46.
23
Suppose -3*j - 220 = -7*j. Let c = 31 + -22. Let t = c + 2. What is the greatest common factor of j and t?
11
Suppose 2*h = 5*m - 520, -82 = -4*m + 3*m - 4*h. Let j(n) = -5*n + 4. Let c be j(-6). Calculate the greatest common divisor of m and c.
34
Let s be (30/7)/((-2)/(-14)). Suppose -3*j + 2*n = -45 - 19, 0 = -2*j + 3*n + 46. Calculate the greatest common divisor of j and s.
10
Suppose 2*r - 15 - 39 = 0. Calculate the greatest common divisor of r and 243.
27
Let r = -13 - -24. Suppose 0 = -3*o - 49 + 181. Calculate the greatest common divisor of r and o.
11
Let f be ((-45)/2)/(-5)*2. Let m be 36 - (2 + -2)/2. Calculate the highest common factor of m and f.
9
Suppose 0*g - 8 = -2*g. Suppose 4*f + 4*b = f + 16, 0 = 2*f - 5*b + 20. Suppose 0 = -f*x - 2*x + 56. What is the highest common factor of x and g?
4
Let i(t) = t**2 + t + 1 + 21 + 6. Let p be i(0). What is the highest common divisor of p and 4?
4
Let t be -4 - -44 - (-2 + -1*2). Calculate the highest common factor of t and 11.
11
Let n(s) = s**2 - 10*s - 5. Let z be n(11). Let q(l) = -l**3 + 4*l**2 + 2*l - 3. Let y be q(2). Let o = 3 + y. What is the greatest common factor of z and o?
6
Let l = 112 - 67. Calculate the highest common divisor of l and 5.
5
Let o = -13 - -67. What is the greatest common divisor of 81 and o?
27
Let o = -37 + 53. Suppose l - 31 = 3*i, -i - 26 = -3*l + 91. What is the greatest common divisor of o and l?
8
Let i be 3/(-6) + (-39)/(-2). Let s = -15 - -18. Let y be (22 - s)*11/1. Calculate the highest common divisor of y and i.
19
Suppose 3*t - 15 = -2*t. What is the greatest common divisor of t and 6?
3
Suppose -3*z + 4 = -2. Let p(a) = -2*a - 2. Let j be p(-5). Let x = -5 + j. Calculate the highest common factor of x and z.
1
Let l(b) = -b + 1. Let s be l(0). Suppose -2*v - 2*x = -62, -2*x + 1 = -s. Suppose 0 = -3*r - 2*r + 75. Calculate the greatest common divisor of r and v.
15
Let k = -7 + 1. Let g be ((-64)/24)/(2/k). What is the highest common divisor of 12 and g?
4
Suppose 2*j = 3*h + 33, 6*j - j - 5*h - 70 = 0. Let r be (-4)/18 - (-74)/j. Suppose -9 = -k - 1. What is the greatest common divisor of k and r?
8
Let r(a) = -a. Suppose -2 = -2*n + 2. Let i be 1/n*(-2 - 10). Let d be r(i). Calculate the highest common divisor of d and 42.
6
Let g = -22 - -24. Suppose g*q - 2*z = 128, -q = z - 65 - 3. What is the greatest common factor of 6 and q?
6
Let v = 16 - 8. Let s be (-1 - (-44)/v)*2. Calculate the highest common factor of s and 9.
9
Let x = 169 - 277. Let y be 2/7 - x/14. Calculate the highest common factor of y and 40.
8
Suppose 90 = 8*b - 3*b. Calculate the highest common factor of b and 18.
18
Suppose 31 = 3*j - 29. Calculate the greatest common divisor of j and 8.
4
Let h = 90 - 84. Calculate the greatest common factor of h and 42.
6
Let z = 78 - 5. Let o = -49 + z. Calculate the highest common factor of 16 and o.
8
Suppose -i - 24 = -4*i + 5*w, -4*i - 3*w = -3. Calculate the highest common factor of i and 1.
1
Suppose 4*p + 60 + 212 = 4*y, 2*y + 5*p - 101 = 0. What is the greatest common factor of 7 and y?
7
Let n be ((-4)/(-10))/1*215. Let q = n + 47. What is the highest common factor of 19 and q?
19
Let h(y) = y**2 + 6*y - 2. Let f be h(-7). Suppose f*x = 3*b + 58, 3*b - 9 = -x + b. Suppose 2*t - 47 = -x. What is the highest common divisor of t and 36?
18
Let s(a) = a**2 + 7*a - 1. Let v be s(-7). Let t be 10*(v + 12*2). What is the highest common divisor of 23 and t?
23
Suppose -2*m = 4*p - 4, -5*m - 9 = -5*p + 11. Suppose g - 8 = 3*g. Let n(c) = -3*c - 6. Let l be n(g). What is the greatest common divisor of p and l?
2
Suppose 0*v + 14*v = 14. Calculate the highest common divisor of v and 3.
1
Let s(u) = -20*u + 1. Let d be s(1). Let k = d - -31. What is the highest common factor of 60 and k?
12
Let q(z) = z**3 - z**2 + z + 1. Let u be q(2). Let s(a) = a**3 + 12*a**2 + 1. Let k be s(-12). Calculate the greatest common factor of u and k.
1
Let g be (-2)/(-8) + (-105)/(-28). Suppose -3*l + 621 = 4*r, -4*l = -g*r + 42 + 558. What is the highest common factor of r and 17?